7
Let o(z) = 2*z**3 + z**2 + 4*z - 2. Let p(v) = -3*v**3 - 3*v + 3. Let u = -49 + 52. Let d(b) = u*p(b) + 4*o(b). Give d(5).
11
Suppose 0 = -2*z + z + 2*n - 9, -5*z + 2*n = 85. Let p = 15 + z. Let r(o) be the second derivative of -o**3/6 + o**2 - 5*o. Calculate r(p).
6
Let o(g) = 2*g - 5*g + 4*g + 2. Let h = 1187 + -1189. Calculate o(h).
0
Let r(n) = -2*n. Let d be r(0). Let b be d - 1/((-2)/4). Let v(k) = k**2 + 2*k + k**b + k**2 - 4*k**2. Give v(4).
-8
Suppose f - 1 + 6 = 0. Let c(w) = -w + 1. Let t(r) = r**3 + 4*r**2 - r - 2. Let g(i) = -4*c(i) - t(i). Calculate g(f).
-2
Let m(h) = -3*h + 6. Let f(v) = 4*v - 6. Let c(t) = 2*f(t) + 3*m(t). Give c(3).
3
Let k(n) = 4*n**2 - n - 2. Let a be k(-1). Let i(m) = -5*m + 6*m**2 - 19*m**2 + 8*m**2 + 2*m + 6*m**2. Give i(a).
0
Let x(i) = 5*i**3 + 9*i**2 + 18. Let p(g) = 4*g**3 + 8*g**2 + g + 16. Let l(f) = 4*p(f) - 3*x(f). Determine l(-5).
-10
Suppose 6*g + 10 = 40. Let v be 24/10 - 2/5. Let h(c) = -7*c**v + 2*c**2 + 8*c - c**2 - 5 + c**3. What is h(g)?
10
Let q(h) = -h**3 - h. Let i(s) = -4*s**3 + s**2 - 4*s - 1. Let r(d) = -i(d) + 5*q(d). Determine r(-2).
7
Let z(b) = -b**3 + 8*b**2 + 10*b + 5. Suppose -10*t + 14*t = 16. Let i be ((-99)/22)/((-2)/t). What is z(i)?
14
Let v(a) be the first derivative of 0*a - 6 + 0*a**4 + 3/2*a**2 - 1/120*a**6 + 0*a**5 - 1/6*a**3. Let r(i) be the second derivative of v(i). Give r(0).
-1
Let j(h) be the third derivative of h**5/60 + 3*h**4/8 - 5*h**3/6 + 200*h**2. What is j(-10)?
5
Let o(m) = m**2 - 10*m + 10. Let d = -236 + 243. Calculate o(d).
-11
Let u(w) be the third derivative of -w**6/720 - w**5/60 - 7*w**4/12 - 16*w**2. Let m(i) be the second derivative of u(i). What is m(-2)?
0
Let f(u) = -2*u**2 - 10*u - 9. Suppose 2*p + 42*a + 24 = 46*a, 3*p + 16 = a. Calculate f(p).
-1
Let u(m) be the second derivative of 1/24*m**5 + 0*m**2 + 3*m - 1/360*m**6 + 1/12*m**4 + 0 + 1/2*m**3. Let p(g) be the second derivative of u(g). What is p(5)?
2
Let z(g) = -19*g + 4*g - g**3 + 7 - 138*g**2 + 73*g**2 + 73*g**2 - 2. Calculate z(6).
-13
Let i(d) = d**3 + 6*d**2 + d + 2. Let k = 9 + -6. Let b(p) = -p**3 - 2 + 5 + 3 - 4*p**2 + k*p. Let y be b(-4). What is i(y)?
-4
Let h(d) be the first derivative of 1 + 3*d - 1/3*d**3 + 5/2*d**2. What is h(6)?
-3
Let j(v) = 8*v**2 + 136*v + 5. Let i be j(-17). Let k(s) be the second derivative of 8*s + 0 - 1/2*s**4 + 7/2*s**2 - 1/20*s**i + 1/3*s**3. Give k(-6).
-5
Let b(a) = -6*a + 5. Let k(h) = h**2 - 8*h + 14. Let i be k(6). Give b(i).
-7
Let q(n) = 4*n**3 - 11*n**2 + 10*n + 5. Let k(t) = -13*t**3 + 34*t**2 - 31*t - 15. Let s(l) = 3*k(l) + 10*q(l). What is s(7)?
5
Let q(o) = 2*o - 5. Suppose 383*z - 379*z - 12 = 0. Determine q(z).
1
Let h(i) = 7*i - 31. Let y(t) = -10*t + 46. Let u = 20 + -15. Let w(m) = u*y(m) + 7*h(m). Give w(9).
4
Suppose 3*m - 1488 = -1470. Let s be 2/2 - -2*1. Let f(j) = s*j**2 + 7*j + 1 - 10*j**2 + j**3 - 3. Calculate f(m).
4
Let p = 33 + -28. Suppose -8 = -7*m + p*m. Let g(s) be the third derivative of -s**6/120 + s**5/15 + s**4/24 - s**3/2 + 3*s**2. Give g(m).
1
Let n(t) = -4*t**3 + 2*t**2 + 3*t + 3. Let g(l) be the second derivative of -l**5/20 + l**4/12 - 2*l. Let m(v) = -5*g(v) + n(v). What is m(3)?
12
Let w be (-1)/(-2 + 0 + 3). Let v = 10 - 23. Let b(m) = -6*m**2 + 8*m + 1. Let g(y) = 12*y**2 - 17*y - 2. Let u(d) = v*b(d) - 6*g(d). What is u(w)?
7
Let s = 555 - 552. Let a(l) = l**2 - l - 2. Let o(c) = c - 1. Let g(p) = a(p) - 5*o(p). Determine g(s).
-6
Let m(f) = f**3 + f + 1. Let a(r) = -6*r**3 + 2*r**2 - 8*r - 2. Let y(d) = a(d) + 4*m(d). Suppose -2*i = 3*i - 10. Give y(i).
-14
Let i(c) = 2*c**2 - 3*c - 4*c**3 + 3*c**3 - 3 + 5*c. Suppose -5*d = -4*u - 19, 0 = 3*d - d + 2*u - 4. Suppose -2*r + 15 = d*r. Determine i(r).
-6
Suppose -3*m = 2*m - 20. Suppose 25 = -19*v + 14*v. Let g(t) = -2*t + 7. Let s(w) = -4*w + 15. Let o(l) = v*g(l) + 2*s(l). Give o(m).
3
Let u(b) be the second derivative of -b**5/120 - 5*b**4/12 + 11*b**3/6 + 9*b. Let o(i) be the second derivative of u(i). What is o(-6)?
-4
Suppose 3*u - 4*p - 26 = -2*p, 0 = -4*u - 4*p + 68. Let l(f) = -f + 9. Calculate l(u).
-3
Let f(g) be the first derivative of -g**4/4 - 5*g**3/3 + 4*g**2 + 9*g + 641. Let k be ((-12)/(-15))/((-2)/15). Determine f(k).
-3
Let o = 0 + 2. Suppose 23 = 4*z - 3*v, -o - 11 = -4*z + v. Let y(j) = 3*j**2 - 2*j - 4 + 2*j**2 - 3*j**2 - j**z. What is y(3)?
-1
Let b(u) = 2*u**2 + 5*u + 3. Let x be b(-3). Let t(q) = -3 - q**2 - x*q + 1 + 9. Let n(z) = -5*z**3 - 2*z**2 + 33*z - 32. Let a be n(1). Determine t(a).
7
Let w(a) = -a**2 + 7*a - 3. Suppose 0 = -22*y + 9 + 123. Calculate w(y).
3
Let s(i) be the first derivative of -i**4/4 + i**2/2 + 4*i + 5. Suppose -5*p + 2*p = 0. Let r be p*(3 + (-21)/6). Determine s(r).
4
Let p = 4 - 4. Suppose p = s - 4, -5*o - s + 8 = 29. Let i(g) = -g - 11. What is i(o)?
-6
Suppose -2*x + 20 = 5*a, 0 = 4*a - 5*x - 45 - 4. Let d(o) be the second derivative of -o**5/20 + 7*o**4/12 - 2*o**3/3 - 5*o**2/2 - 2*o. Calculate d(a).
7
Let d(n) = n**3 - 21*n**2 + 108*n + 11. Let i be d(11). Let x(j) = -2*j + 3. Calculate x(i).
25
Let x(l) be the first derivative of 5/3*l**3 - 1 + 1/4*l**4 + 5*l + l**2. Let o be (4 - 216/52) + (-63)/13. Calculate x(o).
-5
Let a(o) be the third derivative of -o**5/30 + 7*o**4/24 - 4*o**3/3 - 795*o**2. What is a(3)?
-5
Let o(k) = k**3 - k + 6 + 0*k + k**2 - 4. Let g be 207/(-63) + 2/7 - 72. Let t = g - -75. Give o(t).
2
Let r(t) = -3*t**2 + 5*t + 5. Let j(p) = -8*p**2 + 14*p + 14. Let c(y) = 4*j(y) - 11*r(y). Let k be 14/(-8) + 2/(-8). Determine c(k).
3
Let k(d) = d + 1. Let y be k(10). Let r(a) = 14*a - 5*a - 6 + 3*a**2 + 5 - y*a. Give r(2).
7
Let z(c) = 5*c**2 + 32*c - 1. Let q(l) = 2*l**2 + 11*l. Let i(k) = 8*q(k) - 3*z(k). Give i(7).
-4
Let i(c) = c**2 - 2*c - 3. Let o(s) = 4*s - 21. Let b be o(14). Let v = 39 - b. Give i(v).
5
Let s(b) = b - 7. Suppose -2*k - 7 = 5*r - 1, 4*k + 5*r + 2 = 0. Suppose 5 = -m + 2, 3*t - 3*m = 24. Let c be ((-3)/t)/(k/(-10)). What is s(c)?
-4
Let p(u) = u**3 - 15*u**2 + 16*u + 19. Suppose -3*k = -2*n + 43, 38*k + 71 = 4*n + 35*k. What is p(n)?
47
Suppose -2*a - 15*g + 10 = -13*g, 0 = -a - 4*g + 17. Let p(b) = 11*b - 6. Calculate p(a).
5
Let p(k) be the third derivative of -k**5/60 + k**4/6 + 5*k**3/6 - 248*k**2. Calculate p(6).
-7
Let q(p) = 8 - 5*p**2 + p**2 - 10 + 6*p - p**3. Suppose -3*z + 12 = -z. Suppose -z = 2*y + 4. What is q(y)?
-7
Let s(c) = -9*c - 548. Let i be s(-61). Let d be 1 + (0/1 - 1). Let k(w) = d*w**3 + 7*w**3 - 3*w**3 - 1. What is k(i)?
3
Let g(q) be the third derivative of -13*q**6/360 + 5*q**4/4 + 45*q**2. Let s(a) be the second derivative of g(a). Calculate s(1).
-26
Suppose -7*i = -12*i + 20. Let y(m) = 12 - m - i*m + 4*m. Calculate y(0).
12
Let p(w) = -w**2 + 3*w + 4. Let r = 19 - 5. Let o be r - 8 - (-6)/(-2). Let z be p(o). Let h(n) = n**3 - 3*n**2 - 4*n + 6. What is h(z)?
6
Let h(z) = z**2 + 1. Suppose -11*y + 6 + 5 = 0. Let t(a) = a**3 - 13*a**2 + a - 13. Let x(r) = y*t(r) + 4*h(r). Let f = -4 - -13. Give x(f).
0
Let v(d) = -2*d + 14. Let f(a) = a - 9. Let i(n) = -3*f(n) - 2*v(n). Calculate i(0).
-1
Let h(v) = -v**3 + 8*v**2 + 6*v - 3. Let j be h(8). Suppose -4*n = -j + 13. Let l(d) = -d**3 + 8*d**2 - 2*d + 11. What is l(n)?
-5
Let c = -13 + 17. Let g(o) = -c*o**3 + o**3 + 4*o**3 + 3*o**2 - 2*o. Calculate g(-4).
-8
Let j(l) = -4*l - 1. Let k be (7 - -56)/7*1/(-3). Give j(k).
11
Suppose 0*m + m - p = 0, -2*m - 4*p = 30. Let i(d) = 12*d - 15. Let k(n) = -7*n + 7. Let j(h) = m*k(h) - 3*i(h). Give j(7).
3
Let j(d) = -d. Let s(x) = x**2 + 2*x - 3. Suppose -i = -5*a + 8, -2*i - 2 + 10 = -4*a. Suppose 4*g + 4 = -i. Let r be s(g). Give j(r).
-5
Let z(o) = o**3 + 5*o**2 - o. Suppose 16*h + 60 = -20. Calculate z(h).
5
Let w(x) = x**2 - 3*x. Let t be w(4). Let q(c) be the first derivative of -c**2 - c - 194. What is q(t)?
-9
Let a(n) = -5*n**2 + n**3 + 9*n**2 - 6 + n + 7*n**2 - 6*n**2 - 6*n**2. Calculate a(0).
-6
Let c = 53 + -29. Let i(j) = 48*j**3 - 25*j**3 - c*j**3 + 1 + 8*j**2. Determine i(8).
1
Let p = 0 - 1. Let z be -9*((-2)/3)/p. Let y(t) = -7*t**2 - 9*t - 4. Let o(m) = 2*m**2 + m + 1. Let g(d) = -3*o(d) - y(d). Give g(z).
1
Let g(y) = -y**3 + 3*y**2 + 3*y + 4. Let f be g(0). Let p(o) = -6*o + 29. What is p(f)?
5
Let v(n) be th